147. Let y = z - -106. What is the remainder when i(y) is divided by 16?
15
Suppose -2*d - 3*h = -3, -h = d - 3*d - 17. Let k(u) = 31 - 684177*u + 684186*u + 30. Calculate the remainder when 19 is divided by k(d).
5
Let k(z) = 6*z - 20. Let h(b) = -32*b + 677. What is the remainder when k(10) is divided by h(20)?
3
Suppose 0 = 3*x - 4*d - 677, -99*d + 5 = -100*d. Suppose -2*h = -7 - 21. Calculate the remainder when x is divided by h.
9
Let j(i) = -33*i**3 + 2*i + 1. Let p(k) = 1301*k + 10534. Calculate the remainder when p(-8) is divided by j(-1).
30
Let b = 0 - -26. Let m = -147 + 156. Suppose -5*o - 83 + 455 = -u, 0 = 3*u - m. Calculate the remainder when o is divided by b.
23
Suppose 66 = -2*j - 0*j. Suppose -15*d - 2671 = -1111. Let u = j - d. What is the remainder when u is divided by 25?
21
Let q = -42 - -42. Suppose 3*z + 5*p - 569 = 0, q*z - 5*p + 193 = z. What is the remainder when z is divided by 21?
20
Suppose 134 - 46 = 2*a + 2*f, -3*a - 4*f = -136. Let w = a + -33. What is the remainder when 16 is divided by w?
2
Calculate the remainder when 198 is divided by ((-12)/10)/(63/(-90)*(-6)/(-42)).
6
Suppose -2190 = -d + 2419. Calculate the remainder when d is divided by 23.
9
Let q be 10/(-135)*3 - (-6440)/(-18). Let v = 394 + q. What is the remainder when v is divided by 20?
16
Suppose 3305*u - 3301*u - 108 = 0. Calculate the remainder when 371 is divided by u.
20
Let c(z) = -23*z - 36. Let g be c(-6). Suppose 6*w - 9*w + g = 3*j, -4*j + 142 = w. What is the remainder when j is divided by 19?
17
What is the remainder when 632 is divided by ((-240)/(-84))/((-90)/(-2016))?
56
Calculate the remainder when 1*((-36)/5)/((-84)/1890) is divided by 6.
0
Suppose 0 = b + 3*b. Suppose 5*u + 0*d - 3*d - 151 = b, -5*u = d - 163. Let w(m) = -616*m + 3713. Calculate the remainder when u is divided by w(6).
15
Suppose -2*l - 97 = -4*h + 29, -3*l = -h + 29. Suppose -31 = g - 6. Let r = g + h. Calculate the remainder when 19 is divided by r.
5
Let m = 2057 + 1331. What is the remainder when m is divided by 17?
5
Suppose -438 = -7*f + 17. Let p(y) = 14*y + 33. Let q be p(7). Suppose -4*s + f + q = 0. What is the remainder when s is divided by 13?
10
Let w(d) = d**2 + 5. Let s be w(0). Suppose -2 = -p, -2*y = y + s*p - 13. Calculate the remainder when y*(4 + (23 - 2)) is divided by 7.
4
Let c(o) = o**3 + 15*o**2 + 15*o + 11. Let u be c(-14). What is the remainder when 249 is divided by (-506)/(-6) - (-3)/(u - 6)?
81
Let a(w) = w**3 - w**2 - 16*w - 33. What is the remainder when a(7) is divided by 2*(69/6 + 1)?
24
Let m(r) = r**3 - 9*r**2 + 8*r + 6. Let w be m(8). Suppose -w = s + 2*s. What is the remainder when (-4264)/39*s/4*3 is divided by 33?
32
Suppose -4*u - 2*b + 112 = 0, 4*u = 7*u + 5*b - 77. Suppose -20 = -t + 3. Calculate the remainder when u is divided by t.
6
Suppose 0 = -4*j - p + 347, 4*p = -0*p + 12. Calculate the remainder when j is divided by 3/(-2) + (252/(-56) - -8) - -54.
30
Suppose 2*z + 2*h = 148, 3*z + 0*h = -h + 214. Let m(s) = 32*s**2 + 390*s + 25. Calculate the remainder when m(-14) is divided by z.
67
Suppose -50*g + 13955 + 4395 = 0. Calculate the remainder when g is divided by 65.
42
Calculate the remainder when 10323 is divided by 228 + -217 + 0 + 0.
5
Suppose -20*r + 24*r - 56 = 0. Suppose -3*i - 4*f + 218 = 0, 5*i - 2*f - 345 = -5*f. What is the remainder when (-1)/(-6) - (-2563)/i is divided by r?
11
Let g(z) = -z + 2. Let o = 3483 - 3331. What is the remainder when o is divided by g(-10)?
8
Let h be (-13)/(-26)*4*-4. Let k(m) = -9*m - 42. Calculate the remainder when 239 is divided by k(h).
29
Let m(y) = 14*y**2 - 167*y + 318. Let s(l) = 2*l**2 + 4*l + 2. Let h be s(-6). Let c = -36 + h. What is the remainder when m(2) is divided by c?
12
What is the remainder when ((-59 - -75) + 343/3)/(2/6) is divided by 8?
7
Let o(z) = -24*z + 1263. What is the remainder when o(-9) is divided by 19?
16
Suppose -74 = -4*u + x, -2*u - 5*x + 0*x + 26 = 0. Let i(g) = g**3 + 3*g**2 + 7*g - 9. What is the remainder when i(3) is divided by u?
12
Let n(y) = 49*y + 2089. What is the remainder when n(-15) is divided by 225?
4
Calculate the remainder when 235 is divided by -91 + 101 - (1 - 7).
11
Suppose -16*i - 55 = -363 - 508. What is the remainder when 307 is divided by i?
1
Let u = -273 + 383. Let h = -81 + u. What is the remainder when 403 is divided by h?
26
Suppose 6*z = -0*z - 1272. Let l be (4 - 19)/5*z/3. Suppose 0 = -5*f + 2*v + l, 4*f - v - 184 = -3*v. Calculate the remainder when f is divided by 12.
8
Suppose -8 = -750*q + 748*q. Suppose 4*w = 2*w + 4*z + 52, 0 = q*w - 3*z - 114. Suppose 6*i - 32 = 2*i. Calculate the remainder when w is divided by i.
6
Let s(b) be the first derivative of b**3/3 + 8*b**2 + 32*b - 2. Let l = 1190 + -1205. What is the remainder when 32 is divided by s(l)?
15
Suppose 37*f + 17*f - 564 - 624 = 0. Suppose 4*r - 6*r + 10 = 0. Let p(k) = 2*k - 2. What is the remainder when f is divided by p(r)?
6
Suppose 11*v - 4*z + 902 = 12*v, 3*v - 2689 = 5*z. Calculate the remainder when v is divided by 213.
46
Let p(c) = c**2 - 4*c - 3. Suppose 31 = 5*h - 4*i, i + 13 = 2*h - 0*h. Let a be p(h). Suppose -24 = -a*l + 17*l. What is the remainder when 69 is divided by l?
21
Suppose 374*w - 141154 = 4510213 - 492487. Calculate the remainder when w is divided by 67.
65
Suppose 0*t = -3*t + 135. Suppose -2*x - 4*p = -60, t = 2*x - 3*p + 6. Suppose -1342 + 15193 = 224*f - 5189. Calculate the remainder when f is divided by x.
13
Let u(g) = g - 2. Let l be u(2). Let s be 5*(-18)/(-15) - (0 + 4). Suppose f - s*i - 4 = l, f + i = 6*f - 65. Calculate the remainder when f is divided by 9.
5
Let g = -615 + 1004. Let t = g - 375. What is the remainder when 75 is divided by t?
5
Let k(l) = 46*l**2 - 45*l - 38. Calculate the remainder when k(-2) is divided by 45.
11
Suppose 67*q - 24642 = 65*q. Suppose 56*m - 19*m = q. What is the remainder when m is divided by 42?
39
Let p = 682 - 370. Calculate the remainder when p is divided by 116.
80
Let w = 43 - 41. Suppose w*o - 33*g + 31*g = 10, 3*g - 9 = 0. What is the remainder when 254 is divided by o?
6
Let z be 0*-1*(1 + 0). Suppose 0 = -2*t - z + 16. Let j(n) = 3*n**2 - 36*n + 152. What is the remainder when j(7) is divided by t?
7
Let s be 4760/84*6/(-4). Let y = -30 - s. Let x = 25 + -6. Calculate the remainder when y is divided by x.
17
Calculate the remainder when 335 is divided by -2 - (9 - 35/5) - -38.
29
Let j = -4870 + 5208. Calculate the remainder when j is divided by 25.
13
Let u = -24311 + 24338. Suppose -2*r + 16 + 6 = 0. Calculate the remainder when u is divided by r.
5
Suppose n = 5*q + 5, q + q = -2*n + 10. Suppose -5*f - 4*p + 39 = q, 5*f - 6*p - 63 = -4*p. Calculate the remainder when 12 is divided by f.
1
Suppose 4*l = 868*m - 863*m - 491, -3*l + 498 = 5*m. Calculate the remainder when 479 is divided by m.
83
Suppose -666*i + 1854 = -648*i. Let o = -33 - -70. Let v = i - o. Calculate the remainder when v is divided by 23.
20
Suppose 5*f + 6*f = 0. What is the remainder when (-6 - (-4 - f)) + 52 is divided by 4?
2
Let v(q) be the second derivative of -q**4/12 - q**3/6 + 85*q**2/2 - 17*q. What is the remainder when v(0) is divided by 18?
13
Let l = 168 + -176. Calculate the remainder when 22 is divided by 3 - ((-24)/l)/(6/(-22)).
8
Let k = 4118 - 4087. What is the remainder when 235 is divided by k?
18
Let k = 0 + 17. Let t(n) = 2*n**2 + 93*n + 439. Calculate the remainder when t(-45) is divided by k.
15
Let t be (42/(-14))/(6/(-8)). Suppose -5*p - t*f + 450 = 0, 0 = -4*p - 2*f - 0*f + 366. Let k = p + -70. Calculate the remainder when 36 is divided by k.
12
Let q = -43 - -39. Let c(n) = n**3 + 2*n**2 - 7*n + 2. Let k be c(q). What is the remainder when 102 is divided by 14*3/(-24)*(-18 + k)?
32
Let w = 21 + -24. Let f(j) = 3*j**2 + 2*j - 4. Suppose 0 = 5*r - 2*v - 349 - 242, 0 = -5*r + 5*v + 600. Calculate the remainder when r is divided by f(w).
15
Let y = 24 + -135. Let n = y - -143. What is the remainder when 44 is divided by n?
12
Calculate the remainder when (-21375)/(-21) + 355/35 + -10 is divided by 68.
66
Suppose -9*p + 6*p - 10*p = -54431. Calculate the remainder when p is divided by 2.
1
Let i be 1218/(-116)*132/(-7). Suppose 54*l + i = 60*l. Calculate the re